tor of 8 and r?
8
Let z(i) = -i**3 - 11*i**2 + 12*i + 5. Let t be z(-12). Suppose t*k - 5*s = 75, 45 = 3*k - 0*s + s. Calculate the greatest common factor of k and 135.
15
Let w(t) = 5*t + 9. Let i(s) = -5*s - 8. Let k(z) = 5*i(z) + 4*w(z). Let q be k(-8). What is the highest common divisor of q and 12?
12
Let t = 14 - 10. Let o = 10 - t. Let y = 0 + o. What is the highest common divisor of 6 and y?
6
Let s = -101 + 131. Suppose 0 = -5*k - 2*a + 98, 5*k = a - 2*a + 99. Calculate the highest common factor of s and k.
10
Let m = 8 - -15. Calculate the highest common factor of 184 and m.
23
Let t = -3 + 4. Let z(l) = -1 - 5 - 6*l + 2*l**2 + t. Let q be z(5). What is the highest common factor of q and 60?
15
Suppose x - h = 4, 2*x = -3*h + 6*h + 12. Let o(y) = -y + 19. Let s be o(x). What is the greatest common divisor of 152 and s?
19
Let q = 484 - 323. What is the highest common factor of q and 23?
23
Let k = 349 - 141. Let n be (k/10)/(3/15). What is the greatest common divisor of 13 and n?
13
Suppose s + 3*k + 0*k = 4, -5*k = -3*s + 12. What is the highest common factor of 28 and s?
4
Suppose -12*u - 74 + 854 = 0. What is the greatest common divisor of 13 and u?
13
Let u = 58 - 22. Suppose 2*x + 20 = 6. Let j be 2/x + 130/14. Calculate the highest common divisor of j and u.
9
Suppose -3*v + 5*p + 246 = 0, 2*v + 3*v - 4*p = 410. Calculate the greatest common divisor of v and 123.
41
Suppose 2*p - 3 = 23. Calculate the greatest common factor of p and 117.
13
Let d be 141/21 + 4/14. What is the greatest common factor of 14 and d?
7
Let u(x) = x - 1. Let z be u(3). Suppose -4*o - 66 = -5*n + 2*n, -z*n + 5*o = -44. What is the greatest common factor of 33 and n?
11
Let f = -61 + 134. Let n = f + -43. Let g be ((-12)/10)/((-1)/n). Calculate the greatest common divisor of g and 90.
18
Let p be (-84)/3*(-14)/8. Suppose k - p = -k + 5*n, 4*k - 58 = 2*n. Let w be 2 + 0 - (-4)/2. Calculate the highest common factor of w and k.
4
Let y = -157 - -282. Let d = y - 89. Calculate the greatest common divisor of d and 4.
4
Let l(u) = 166*u + 2. Let y be l(1). Calculate the highest common divisor of 21 and y.
21
Suppose -2*s = -4*s + 10. Let a = s + -3. Suppose 4*f + m = 57, 2*m - 29 = -4*f + 29. Calculate the highest common divisor of a and f.
2
Let p = -2 - -4. Calculate the highest common factor of p and 22.
2
Let d(f) = -f**3 - 4*f**2 - 4*f - 1. Let j be d(-3). Suppose -5*w - 5*y = -475, y + 0*y + 202 = j*w. What is the greatest common divisor of 9 and w?
9
Let w = -133 + 77. Let c = -34 - w. Calculate the greatest common divisor of 11 and c.
11
Let o be 3/1 + -2 + 1. Suppose -o*c = -4*r + 44, -4*r + 3*r - 4*c + 20 = 0. What is the greatest common divisor of 36 and r?
12
Let g = 23 + -8. Suppose 3 = 2*n - 2*b - g, 2*n - 4*b - 26 = 0. Suppose -n*o = t - 13, -2*o + 103 = 3*t - 3*o. Calculate the highest common divisor of t and 22.
11
Let p = -364 - -217. Let o be p/(9/(-3)) + 2. Calculate the highest common divisor of 17 and o.
17
Suppose -b + 6 = -c + 18, -2*c - b + 15 = 0. Suppose 82 = 2*s - 80. Calculate the highest common divisor of s and c.
9
Let t be 4/(-16) - 21/(-4). Suppose -3*g + 14 = h - 13, t = -g. What is the highest common factor of 6 and h?
6
Suppose 2*b - 7*b + 20 = 0. Let o be 6 - -1 - (2 + -3). Suppose -b*i + o*i = 48. Calculate the highest common divisor of i and 132.
12
Suppose 0 = 2*n - 2*d - 2, -2*n + 3*n + 4*d = 21. What is the highest common factor of 15 and n?
5
Suppose 4*v + 2*a - 672 = 0, 0*a = -5*v + 2*a + 849. Calculate the greatest common factor of v and 13.
13
Suppose 2*m = -2*m + 84. Let s(p) = 8*p - 2. Let y(k) = k + 2. Let w be y(0). Let a be s(w). Calculate the greatest common divisor of a and m.
7
Suppose -40 = -o + 6*o. Let j = 14 + o. Suppose -2*m = 5 - 13. What is the greatest common divisor of j and m?
2
Let v be ((-36)/8)/(1/(-2)). Suppose 18*n = 23*n - 180. Calculate the highest common factor of v and n.
9
Let n(h) = -3*h - 11. Let g be n(-18). What is the highest common divisor of g and 344?
43
Suppose 4*i + 530 = 2*n, 2*i = -0 + 8. Calculate the highest common factor of 21 and n.
21
Let x(t) = -2*t**3 - 2*t**2 + 1. Let w be x(-1). Let j be (0 - 21 - w)/(-2). What is the highest common factor of j and 33?
11
Suppose -3*k = 3, -2*i = -3*i - 3*k + 39. Let n = 11 - 5. What is the greatest common divisor of n and i?
6
Let p be (-3)/(-9)*14*3. Calculate the highest common divisor of p and 14.
14
Let y = 94 + -54. Suppose -4*w - 5*z + 84 = 0, 3*z - 67 = -4*w + 9. What is the highest common factor of y and w?
8
Let r(y) = -8*y + 1. Let d be r(-8). Let m be (-64)/(-4) + (-3)/1. What is the highest common divisor of d and m?
13
Let a = 4 - 1. Let u(i) = 4*i**2 - 4. Let b be u(a). What is the greatest common factor of 4 and b?
4
Let l(s) = 5*s**2 + 5*s - 4. Let r be l(3). Let p(j) = 10*j - 113. Let h be p(12). What is the highest common divisor of h and r?
7
Let w(d) = -4*d**3 - 4*d**2 - 3*d - 4. Let v be w(-3). Calculate the greatest common divisor of 11 and v.
11
Let w = 22 + 3. Calculate the greatest common divisor of w and 100.
25
Let x be -10*(2 + 36/(-10)). Suppose 0 = y + 2*s - x, 0*s = -2*y - 3*s + 33. Let u = 32 - y. Calculate the greatest common divisor of u and 42.
14
Suppose -13 = -f - i - 3*i, -3*i = 2*f - 11. Calculate the highest common divisor of f and 1.
1
Let d(o) = o**3 - 16*o**2 + 16*o - 7. Let c be d(15). What is the highest common divisor of c and 88?
8
Let p(l) = l**2 - 2. Let i be p(2). Let x be (i/(-4))/(3/(-60)). Calculate the greatest common divisor of 5 and x.
5
Let m(q) = 11*q + 7. Let k be m(3). Calculate the greatest common factor of 20 and k.
20
Let v be 233/3 - (-10)/30. Let h = v - 54. Suppose t - 5*s - 19 = -8, -3*s + 3 = 0. Calculate the highest common factor of t and h.
8
Suppose -2*h = 5*z + 177, 6*z - z + 86 = -h. Let o = h - -216. What is the greatest common factor of 50 and o?
25
Suppose -4*z + 10 + 6 = 0, -18 = -2*v - 3*z. Let p = 5 + -1. Suppose j = 3, p*m - 3*j = v*m + 18. What is the greatest common factor of m and 18?
9
Let k = -163 - -324. Calculate the greatest common divisor of k and 23.
23
Suppose -132 = -o - 10*o. What is the highest common divisor of 24 and o?
12
Let g(x) = x + 6. Let l be g(7). What is the greatest common divisor of 104 and l?
13
Suppose -3*f = 2*w - 135, -4*w - 5*f + 2*f + 255 = 0. Suppose 2*y = -2*y + w. What is the highest common divisor of 135 and y?
15
Suppose 5*n - 48 - 12 = 0. Let v = 13 + -11. Let l = n + v. What is the greatest common divisor of l and 28?
14
Suppose -4*z + l = -500, 2*z + 3*l - 115 = 149. Suppose 4*p + s - 59 = 0, -5*p - 2*s + 5*s = -61. What is the greatest common factor of z and p?
14
Let w = 9 - -2. Let k = 21 - 10. What is the greatest common factor of k and w?
11
Let v be 88/(-24)*(-53 - 1). Suppose w - v = -33. What is the highest common factor of w and 15?
15
Suppose 0 = -4*a + 202 - 58. What is the greatest common divisor of a and 9?
9
Let q(o) = -o**2 - 8*o - 12. Let y be q(9). Let z be 4/(5/(y/(-6))). Calculate the greatest common factor of z and 11.
11
Suppose -2*j = -4*j + 124. Let t = 98 - j. What is the greatest common factor of 9 and t?
9
Let d be ((-7)/3)/(2/6). Suppose -2*b + 69 + 99 = 0. Let j = b - d. Calculate the greatest common divisor of j and 13.
13
Let b be (20/(-12))/((-2)/6). What is the greatest common factor of b and 5?
5
Suppose 287 = y - 7*n + 2*n, -n + 1085 = 4*y. Calculate the greatest common factor of 34 and y.
34
Suppose 0 = -4*l + 5*z + 2, 0*z + 5 = 3*l - 2*z. Calculate the greatest common divisor of l and 3.
3
Suppose 5*x = -2*b + 60, 0*x + b - 24 = -2*x. Suppose -3*y + 6 = 0, -6*k + k + x = -4*y. What is the highest common divisor of k and 44?
4
Let w be -3*(-1 + -2 - -8). Suppose 2*n + 27 = u, -5*n = -2*n. Let i = w + u. Calculate the highest common divisor of i and 108.
12
Let t be (-8 + 3)/(((-2)/18)/1). What is the greatest common divisor of 9 and t?
9
Let v be 2/(1/(1 - -3)). Let d(z) = z + 12. Let t be d(-8). Suppose 12 = -t*u + 108. What is the highest common divisor of u and v?
8
Let u be 2*(0 + (-3)/6). Let z be (-1*11)/(1/u). Calculate the highest common factor of 33 and z.
11
Let v be (3 + 0 - 23)/(-2). Calculate the highest common factor of 10 and v.
10
Suppose 1536 = 5*v - 354. 